{"id":297,"date":"2019-02-28T13:12:55","date_gmt":"2019-02-28T13:12:55","guid":{"rendered":"https:\/\/forinsec.ch\/?page_id=297"},"modified":"2024-04-09T15:29:49","modified_gmt":"2024-04-09T15:29:49","slug":"impressum","status":"publish","type":"page","link":"https:\/\/forinsec.ch\/?page_id=297","title":{"rendered":"Impressum"},"content":{"rendered":"\t\t<div data-elementor-type=\"wp-page\" data-elementor-id=\"297\" class=\"elementor elementor-297\" data-elementor-post-type=\"page\">\n\t\t\t\t\t\t<section class=\"elementor-section elementor-top-section elementor-element elementor-element-d280c77 elementor-section-boxed elementor-section-height-default elementor-section-height-default\" data-id=\"d280c77\" data-element_type=\"section\" data-e-type=\"section\">\n\t\t\t\t\t\t<div class=\"elementor-container elementor-column-gap-default\">\n\t\t\t\t\t<div class=\"elementor-column elementor-col-100 elementor-top-column elementor-element elementor-element-d8fe75b\" data-id=\"d8fe75b\" data-element_type=\"column\" data-e-type=\"column\">\n\t\t\t<div class=\"elementor-widget-wrap elementor-element-populated\">\n\t\t\t\t\t\t<div class=\"elementor-element elementor-element-fda039f elementor-widget elementor-widget-heading\" data-id=\"fda039f\" data-element_type=\"widget\" data-e-type=\"widget\" data-widget_type=\"heading.default\">\n\t\t\t\t<div class=\"elementor-widget-container\">\n\t\t\t\t\t<h5 class=\"elementor-heading-title elementor-size-default\">Impressum.<\/h5>\t\t\t\t<\/div>\n\t\t\t\t<\/div>\n\t\t\t\t<div class=\"elementor-element elementor-element-aeafde8 elementor-widget-divider--separator-type-pattern elementor-widget-divider--no-spacing elementor-widget-divider--view-line elementor-widget elementor-widget-divider\" data-id=\"aeafde8\" data-element_type=\"widget\" data-e-type=\"widget\" data-widget_type=\"divider.default\">\n\t\t\t\t<div class=\"elementor-widget-container\">\n\t\t\t\t\t\t\t<div class=\"elementor-divider\" style=\"--divider-pattern-url: url(&quot;data:image\/svg+xml,%3Csvg xmlns=&#039;http:\/\/www.w3.org\/2000\/svg&#039; preserveAspectRatio=&#039;xMidYMid meet&#039; overflow=&#039;visible&#039; height=&#039;100%&#039; viewBox=&#039;0 0 126 26&#039; fill=&#039;black&#039; stroke=&#039;none&#039;%3E%3Cpath d=&#039;M3,10.2c2.6,0,2.6,2,2.6,3.2S4.4,16.5,3,16.5s-3-1.4-3-3.2S0.4,10.2,3,10.2z M18.8,10.2c1.7,0,3.2,1.4,3.2,3.2s-1.4,3.2-3.2,3.2c-1.7,0-3.2-1.4-3.2-3.2S17,10.2,18.8,10.2z M34.6,10.2c1.5,0,2.6,1.4,2.6,3.2s-0.5,3.2-1.9,3.2c-1.5,0-3.4-1.4-3.4-3.2S33.1,10.2,34.6,10.2z M50.5,10.2c1.7,0,3.2,1.4,3.2,3.2s-1.4,3.2-3.2,3.2c-1.7,0-3.3-0.9-3.3-2.6S48.7,10.2,50.5,10.2z M66.2,10.2c1.5,0,3.4,1.4,3.4,3.2s-1.9,3.2-3.4,3.2c-1.5,0-2.6-0.4-2.6-2.1S64.8,10.2,66.2,10.2z M82.2,10.2c1.7,0.8,2.6,1.4,2.6,3.2s-0.1,3.2-1.6,3.2c-1.5,0-3.7-1.4-3.7-3.2S80.5,9.4,82.2,10.2zM98.6,10.2c1.5,0,2.6,0.4,2.6,2.1s-1.2,4.2-2.6,4.2c-1.5,0-3.7-0.4-3.7-2.1S97.1,10.2,98.6,10.2z M113.4,10.2c1.2,0,2.2,0.9,2.2,3.2s-0.1,3.2-1.3,3.2s-3.1-1.4-3.1-3.2S112.2,10.2,113.4,10.2z&#039;\/%3E%3C\/svg%3E&quot;);\">\n\t\t\t<span class=\"elementor-divider-separator\">\n\t\t\t\t\t\t<\/span>\n\t\t<\/div>\n\t\t\t\t\t\t<\/div>\n\t\t\t\t<\/div>\n\t\t\t\t<div class=\"elementor-element elementor-element-d2e1fae elementor-widget elementor-widget-text-editor\" data-id=\"d2e1fae\" data-element_type=\"widget\" data-e-type=\"widget\" data-widget_type=\"text-editor.default\">\n\t\t\t\t<div class=\"elementor-widget-container\">\n\t\t\t\t\t\t\t\t\t<h4>Rechtliche Informationen und Nutzungsbedingungen<\/h4>\n<p>Personen, welche auf www.forinsec.ch zugreifen und von dieser Seite Informationen abrufen, erkl\u00e4ren sich mit den nachstehenden Bedingungen einverstanden. Mit dem Zugriff auf www.forinsec.ch sowie auf alle dazugeh\u00f6rigen Seiten erkl\u00e4ren Sie sich automatisch mit den folgenden Anwendungsbedingungen und rechtlichen Informationen einverstanden. Wenn Sie damit nicht einverstanden sind, unterlassen Sie bitte den Zugriff auf www.forinsec.ch.<\/p>\n<p><strong>Datenschutz:<\/strong><\/p>\n<p>Das World Wide Web ist ein \u00f6ffentlich zug\u00e4ngliches System. Daten, die in das System eingegeben werden, k\u00f6nnen verloren gehen, an einen falschen Adressaten oder in die H\u00e4nde Unbefugter gelangen. Aus diesem Grund erfolgen s\u00e4mtliche Angaben von pers\u00f6nlichen Informationen und Daten freiwillig und auf eigenes Risiko.<\/p>\n<p><strong>Inhalt der Website:<\/strong><\/p>\n<p>Die Informationen auf www.forinsec.ch dienen ausschliesslich zur Information der Benutzer der Website. Die Inhalte des Onlineangebots werden nach bestem Wissen erstellt und gewartet.<\/p>\n<p>Forin Security \u00fcbernimmt keine Haftung f\u00fcr direkten oder indirekten Schaden, welcher Benutzern und\/oder Dritten in irgendeiner Art im Zusammenhang mit der Benutzung des Internet und im speziellen mit der Benutzung von www.forinsec.ch entstehen k\u00f6nnte. Dieser Haftungsausschluss bezieht sich ebenfalls auf Rechtsm\u00e4ngel und\/oder auf eine eventuelle Nichteinhaltung gesetzlicher Vorschriften.<\/p>\n<p>Forin Security \u00fcbernimmt zudem ausdr\u00fccklich keine Haftung f\u00fcr Fehlleistungen des Internet aller Art (Datenverlust, \u201cViren\u201d, usw.) sowie f\u00fcr den Missbrauch durch Dritte (Einsehen von Daten, Kopien, usw.). Der Benutzer \u00fcbernimmt die volle Verantwortung und das Risiko f\u00fcr die Verwendung von Informationen dieser Internet-Seiten.<\/p>\n<p>FORIN AG beh\u00e4lt sich das Recht vor, jederzeit ohne vorg\u00e4ngige Ank\u00fcndigung \u00c4nderungen an diesem Internet-Auftritt vorzunehmen.<\/p>\n<p>Webinhalte Dritter:<\/p>\n<p>Verweise und Links auf Webseiten Dritter liegen ausserhalb des Verantwortungsbereichs von&nbsp; FORIN AG. Der Zugriff und die Nutzung solcher Webseiten erfolgen auf eigene Gefahr des Nutzers oder der Nutzerin.<\/p>\n<p><strong>Copyright:<\/strong><br>www.forinsec.ch macht die Inhalte ihrer Homepage und der dazu geh\u00f6rigen Seiten der \u00d6ffentlichkeit zug\u00e4nglich. S\u00e4mtliche Elemente geh\u00f6ren ausschliesslich und umfassend FORIN AG. Insbesondere die Urheber- und alle anderen Rechte an Texten und Bildern sind Eigentum der Betreiber. Falls Elemente ganz oder teilweise in irgendeiner Form, sei es elektronisch oder schriftlich, reproduziert werden, ist die Nennung von FORIN AG erforderlich. Ausserdem muss f\u00fcr die Wiederver\u00f6ffentlichung jeglicher Elemente die Zustimmung von FORIN AG eingeholt werden.<\/p>\n<p><em>Redaktion:<\/em><\/p>\n<p>FORIN AG, Markus Schmid<br>Riedhofstrasse 151 , 8408 Winterthur<\/p>\n<p>T 052 520 62 62<br><a href=\"mail@forin.ch\">mail@forin.ch<\/a><\/p>\n<p>www.forinsec.ch<\/p>\n<p><em>Programmierung:<\/em><\/p>\n<p>Forin<a href=\"http:\/\/www.forindigital.ch\/\">&nbsp;Digital<\/a><br>Agile Web Development<br>8500 Frauenfeld<br><a href=\"http:\/\/www.forindigital.ch\/\">http:\/\/www.forindigital.ch<\/a><\/p>\t\t\t\t\t\t\t\t<\/div>\n\t\t\t\t<\/div>\n\t\t\t\t\t<\/div>\n\t\t<\/div>\n\t\t\t\t\t<\/div>\n\t\t<\/section>\n\t\t\t\t<\/div>\n\t\t","protected":false},"excerpt":{"rendered":"<p>Impressum. Rechtliche Informationen und Nutzungsbedingungen Personen, welche auf www.forinsec.ch zugreifen und von dieser Seite Informationen abrufen, erkl\u00e4ren sich mit den nachstehenden Bedingungen einverstanden. Mit dem Zugriff auf www.forinsec.ch sowie auf alle dazugeh\u00f6rigen Seiten erkl\u00e4ren Sie sich automatisch mit den folgenden Anwendungsbedingungen und rechtlichen Informationen einverstanden. Wenn Sie damit nicht einverstanden sind, unterlassen Sie bitte den [&hellip;]<\/p>\n","protected":false},"author":1,"featured_media":0,"parent":0,"menu_order":0,"comment_status":"closed","ping_status":"closed","template":"","meta":{"footnotes":""},"class_list":["post-297","page","type-page","status-publish","hentry"],"_links":{"self":[{"href":"https:\/\/forinsec.ch\/index.php?rest_route=\/wp\/v2\/pages\/297","targetHints":{"allow":["GET"]}}],"collection":[{"href":"https:\/\/forinsec.ch\/index.php?rest_route=\/wp\/v2\/pages"}],"about":[{"href":"https:\/\/forinsec.ch\/index.php?rest_route=\/wp\/v2\/types\/page"}],"author":[{"embeddable":true,"href":"https:\/\/forinsec.ch\/index.php?rest_route=\/wp\/v2\/users\/1"}],"replies":[{"embeddable":true,"href":"https:\/\/forinsec.ch\/index.php?rest_route=%2Fwp%2Fv2%2Fcomments&post=297"}],"version-history":[{"count":19,"href":"https:\/\/forinsec.ch\/index.php?rest_route=\/wp\/v2\/pages\/297\/revisions"}],"predecessor-version":[{"id":481,"href":"https:\/\/forinsec.ch\/index.php?rest_route=\/wp\/v2\/pages\/297\/revisions\/481"}],"wp:attachment":[{"href":"https:\/\/forinsec.ch\/index.php?rest_route=%2Fwp%2Fv2%2Fmedia&parent=297"}],"curies":[{"name":"wp","href":"https:\/\/api.w.org\/{rel}","templated":true}]}}